- -6) + -5 - 2.
-2
What is (-6 - -11 - 12) + 3 + 0?
-4
Calculate (4 - 11 - -4) + -8.
-11
What is the value of 1 + (-10 - 3) + 8 + 2?
-2
Evaluate 6 + 1 + 218 + -226.
-1
(8 - 12 - -10) + -2
4
Evaluate (-9 + 16 - 9) + 6.
4
1 - (1 + -5 + 4)
1
What is the value of 1 - -1 - (-4 + 6 + -3)?
3
What is -2 + -2 + 7 - 2?
1
What is -9 - (-10 - (-11 + 9))?
-1
(-8 - -3) + (5 + -2 - 0)
-2
What is the value of (9 + -5 - 5) + 1?
0
Calculate -1 + 3 - (-3 - (0 + -1)).
4
2 + (-4 - (0 + 4 - 8))
2
What is 12 + -5 + -4 + -1 + -2?
0
(2 + -2 - (0 + -1)) + -6
-5
Evaluate 21 + (-4 - 3) - 6.
8
What is 6 - ((1 - 3) + -2 + 7)?
3
3 + -1 + (-21 - -16) - 3
-6
What is the value of -7 - (7 + -4 - 7)?
-3
What is the value of -2 - (-2 - 0) - -5?
5
1 + 0 + -2 - 2
-3
What is 0 + 6 - (47 + -48) - 1?
6
What is 2 - ((0 - 3) + -1) - 3?
3
Calculate 4 + -1 + (18 - (8 + 11)).
2
What is the value of -9 - (-2 - (-11 - -14))?
-4
What is -6 + 5 + (-3 - (-1 - 5))?
2
(-3 - (-2 + 0)) + 2 + -1
0
What is the value of 1 + -4 + 11 + -10 - -9?
7
What is the value of (1 + -1 - 7) + -58 + 68?
3
3 - (0 - -1) - 5
-3
Calculate 0 - 0 - (6 + (-8 - -5)).
-3
-3 + 7 + 2 + -7 + 2
1
3 + -19 + (18 - 8)
-6
Calculate 0 + -5 - -4 - (-2 - -1).
0
What is the value of -6 - -1 - (4 - (2 - -2))?
-5
What is the value of -1 + (0 - (-7 + 3 - -2))?
1
What is the value of 8 + ((-6 - -3) + 3 - 5)?
3
Calculate (7 - (-1 - -6)) + 3.
5
Calculate 1 - (5 - 1 - -3).
-6
Evaluate -5 - (3 - (19 - 3) - -3).
5
What is (-5 - -3 - 0) + 4?
2
What is the value of -3 - (6 - 3) - -5?
-1
What is the value of -4 + (-3 - -2) + 4?
-1
Evaluate (-4 + 9 - 0) + 4 + -3.
6
What is the value of -3 - (8 - (1 + 4)) - 2?
-8
Evaluate (-3 - (-9 - (-2 - -3))) + -2.
5
Calculate 1 + -8 - (2 - 1).
-8
Calculate (-6 - (-4 - 6)) + 1.
5
1 + 6 + (9 - 20)
-4
Evaluate 8 + -5 - (1 + 1 - 4).
5
Calculate (3 - (0 + 3) - -1) + 2.
3
What is the value of -1 - 3 - -2 - 0?
-2
Evaluate 4 + 1 + 5 + (22 - 21).
11
Calculate (-5 - 0) + 5 + 2 + -2.
0
What is the value of 0 + -6 - (-40 + 39)?
-5
What is -2 - (1 - -1 - 9)?
5
(-2 + (4 - 2) - 1) + 6
5
What is -16 + (-1 - (-3 + -9))?
-5
Evaluate (-4 - (-5 + 9)) + 3.
-5
Evaluate 1 + (-5 - (0 - 4)) - 4.
-4
What is the value of (-1 - -2) + (-86 - -91)?
6
What is the value of (0 - (3 - 3) - 0) + 1?
1
Evaluate (-23 - -19) + 1 - (4 - -1).
-8
Calculate -5 - (11 - 4 - (0 + 13)).
1
What is 0 + 3 - (0 - -3)?
0
-1 + 1 + 3 + 8 + -6
5
Calculate (10 - 7) + 2 + -6.
-1
Calculate 3 - (-1 + 2) - (-4 - -11).
-5
What is (-4 - -2 - 2) + 6?
2
Evaluate 3 + 12 + -16 - (-1 + 3).
-3
-4 + 5 + 2 + 2 + 0
5
103 + -99 + (0 + -1 - 9)
-6
What is 0 + -1 + 6 + -2?
3
What is the value of (10 - 17 - -13) + (0 - 0)?
6
Evaluate 7 + -17 + -3 - (-4 - 1).
-8
What is 10 + (-5 - (12 - 5))?
-2
Calculate 4 + (8 - 18) + 10.
4
Evaluate (-6 - -5) + -3 + 2 + 2.
0
What is -8 + -6 + 7 - (-4 + -1)?
-2
What is the value of 8 + (-3 + (-9 - -7) - -5)?
8
What is (5 - 1) + -5 + 5?
4
What is the value of 6 + (2 - 1) + -2 + -8?
-3
Calculate 2 + 5 + -2 + -1 + 1.
5
What is the value of -8 - -4 - 5 - -15?
6
Calculate -3 + (0 - -7 - (0 + 5)).
-1
Evaluate (0 - 2 - -10) + -1 + -6.
1
What is 0 + 1 + -3 + (-6 - -5)?
-3
What is the value of (2 - 12) + (20 - 15)?
-5
Calculate 7 + -6 + (-1 - (-3 - -6)).
-3
What is 0 + (2 - 0) + -2?
0
Evaluate -1 - 1 - -2 - -2 - 3.
-1
1 + 7 + -5 + 5
8
What is -5 - 0 - (-9 + (6 - -3))?
-5
Evaluate (-1 - 3) + 0 + -1 + 0.
-5
What is -16 + 13 - (0 + 1)?
-4
-115 - -112 - (1 + -9)
5
What is the value of 7 + (-1 - 1) + 0 + 0?
5
What is -6 + 8 - (-10 - -4) - 5?
3
What is the value of 11 + -25 + -3 + 9?
-8
-7 + 12 + -4 + -1
0
Evaluate 10 + -6 + -5 + 5.
4
Calculate 0 + 5 + 7 + (2 - 8).
6
-8 - -1 - (-2 + -10)
5
What is (2 - 5 - -2) + 1?
0
Calculate (-4 - -4) + (21 - 27).
-6
Calculate (-4 - (-8 - -5)) + -3.
-4
Evaluate -1 - (-2 + -1 + (4 - 3)).
1
What is the value of 0 + 0 + 13 + (13 - 20)?
6
What is the value of (-13 - (1 + -7)) + 13?
6
Evaluate (3 - 7 - -7) + -8.
-5
-1 - (0 - 3 - -2)
0
What is 101 + -108 + -1 + 14?
6
-4 + 1 + (-14 - -19)
2
3 + (4 + -6 - (2 - 0))
-1
-4 + 5 + -3 + 2
0
What is the value of 4 - -2 - (2 + 1 + 6)?
-3
Evaluate (-7 - (-7 - -4 - -1)) + -2.
-7
What is -5 + (0 - (4 + -5 + -6))?
2
What is (-15 + 8 - (0 - 3)) + -1?
-5
(6 - 13) + -2 + 1 + 3
-5
What is (-3 - 4 - -3) + 1?
-3
Evaluate -9 + 7 + 1 + 2 + 0.
1
Evaluate -8 - (-14 - (-5 + -5)).
-4
What is the value of 0 - (3 + (-2 - -4))?
-5
5 + 1 - (-7 - -8)
5
Calculate (1 - 3) + (-4 - -1 - -9).
4
Calculate (2 - (0 - 3)) + -3 + -6.
-4
Evaluate 1 - (0 + -3 - -2) - -3.
5
Calculate -7 - (-2 - (9 - (11 - 5))).
-2
What is -2 - (2 + 4 + -10 + 5)?
-3
Evaluate (-2 - 1) + 0 + -2.
-5
(-1 - -3 - (-7 - -6)) + -3
0
What is the value of 0 + -3 + (0 - -7)?
4
Evaluate -6 - (-7 - 1) - 7.
-5
What is -1 + -1 + 2 - (4 + 0)?
-4
What is the value of (-7 - (-9 + -4) - -2) + -3?
5
What is 4 - ((7 - 7) + 1)?
3
What is the value of -3 - (-1 + 3 - (0 - -4))?
-1
What is the value of (-2 - -2) + 2 + 19 + -23?
-2
-2 - 1 - (3 + -1 + -9)
4
What is 35 + -20 + (1 - 9)?
7
What is 1 + -5 - 6 - (-2 + -4)?
-4
What is the value of (2 - 16 - -6) + 2?
-6
What is the value of -2 + -1 - (5 - -3 - 3)?
-8
17 - (0 + -4 + 14)
7
What is the value of -3 - 1 - -4 - 3?
-3
Evaluate -7 + 0 + -7 + 23.
9
Evaluate 1 + (4 - 7) + 1.
-1
What is the value of 0 - (-2 - (3 - (6 + -4)))?
3
What is 9 - (8 - (-1 - -4))?
4
What is the value of 3 + (-20 - -6) + 5?
-6
What is the value of -5 - 2 - 2 - -13?
4
Calculate 4 + (-6 - (7 + -3)).
-6
-2 + 6 + -2 + (28 - 20)
10
Calculate 1 + -8 + (4 + 6 - 7).
-4
What is the value of (-42 - -49) + (-6 - 1) - -3?
3
What is -10 + 9 - 2 - (-5 + 1)?
1
What is 16 + -12 + (-1 - -3 - 4)?
2
Evaluate 9 - (0 - (-5 - 1)).
3
What is 0 + -1 + -17 + 13 + 3?
-2
Calculate 1 + (6 - 1) - (-24 - -25).
5
Calculate -5 - (6 - 7 - 1).
-3
What is (-8 - -1) + (12 - 6)?
-1
What is 14 + -1 + -61 + 54?
6
Evaluate (9 - ((3 - 0) + 1)) + -2.
3
What is 0 - (-1 - -2) - (-7 - -3)?
3
-1 - (-6 + 1 + (6 - 5))
3
What is (1 - 0 - (-2 - 1)) + 0?
4
9 - (-5 + 5 + 7 + -3)
5
Calculate -9 - -7 - (1 - 3).
0
What is the value of (4 - 5) + (7 - 3)?
3
-23 + 8 - (-5 - 5)
-5
What is the value of -5 - (0 + 3 + -6)?
-2
Calculate (1 - (0 - -4)) + 0 - -3.
0
Calculate -1 - -3 - (1 - 2).
3
What is 7 + -4 + -1 - 5 - -10?
7
Calculate (-7 - -2) + (-22 - -33).
6
Evaluate (9 + -3 - 2) + 0.
4
1 + 2 + -1 + (23 - 24)
1
Evaluate -6 - (-11 + -9 + 5).
9
-15 + 18 + (1 - 4)
0
Calculate 4 + -1 + 2 + (-7 - -5).
3
What is the value of 6 - ((-2 - 6) + 18)?
-4
What is the value of 0 - (7 - (10 - 2))?
1
What is the value of -10 - (10 + -1 + -16)?
-3
Calculate (3 - 2) + 3 + (4 - 4).
4
What is -7 + (6 - (7 + -2))?
-6
What is the value of (-2 - (-1 + -3)) + -1 + -1?
0
Calculate 6 - (9 + 6 + (-5 - -2)).
-6
What is the value of (-8 + 4 - -9) + (-5 - 5)?
-5
What is the value of (-24 - -25 - (-1 - 1)) + -1?
2
Calculate (3 - 0) + (75 - 73) + -7.
-2
What is 4 - (11 - (4 - 1))?
-4
-4 - (-9 - 3 - -3)
5
Evaluate (-5 - -1) + (1 + -2 - -3).
-2
Calculate 1 + -9 - -11 - (-1 - 1).
5
Evaluate 7 + -2 + 2 + -2 - 0.
5
Calculate 12 + (8 - 5 - 10).
5
What is -11 + 9 + 4 + -7 + -1?
-6
What is (6 - 7) + -6 + (1 - -2)?
-4
5 - -2 - 2 - 2
3
Calculate (-1 - -2) + (-20 - -15) + 5.
1
What is the value of 3 + -8 - (-3 - (-7 - -1))?
-8
-1 + 1 - (-2 - (0 + 1))
3
What is the value of -8 + 1 + (6 - (8 + -1))?
-8
Calculate -2 - 0 - (-33 - -25).
6
What is the value of (-6 - -4) + (1 - 1) + 5?
3
What is the value of (4 - 2 - 1) + 4 - -5?
10
Evaluate (-2 - (-5 - -8)) + 4 + -2.
-3
Evaluate (18 + -17 - (1 - 4)) + -6.
-2
Evaluate 39 + -47 - (-4 + 0).
-4
What is the value of -2 + -8 + (6 - 2)?
-6
Calculate 0 + 2 + -10 - -1.
-7
What is the value of (-12 + (4 - -2) - -8) + 0?
2
Evaluate -3 - ((-6 - -3) + 4 - 7).
3
What is -3 + 0 + 0 + -1?
-4
Calculate (-3 - 1) + 3 + 0 + 7.
6
What is -2 + -1 + (-17 - -14)?
-6
Evaluate -12 + (2 - -5) + (1 - 0).
-4
Evaluate -2 - (44 - 40 - (2 - -1)).
-3
Evaluate -3 + -4 + 7 + 1.
1
What is -32 + 36 + 0 + 4 + -6?
2
-2 - (-1 + -2 + -2)
3
What is -2 - (5 + (1 - 8 - -4))?
-4
-2 - -2 - (-8 + 3)
5
What is 2 + -8 + 7 + (-1 - -1)?
1
-3 + 1 - (-16 + 18)
-4
What is the value of 78 + -73 - (0 - 1)?
6
What is (-6 + 5 - -3) + 1?
3
Calculate -68 + 67 + -4 + 0.
-5
Evaluate 7 + -4 - 9 - -11.
5
Calculate -4 + (-1 + 2 - 0).
-3
What is the value of -2 + -9 +